*3 + 2*j**3 + 0. Is x(3) a composite number?
True
Suppose -2*m - 1635 = -7*m. Let z = m - 230. Is z composite?
False
Is (-2)/(-8) + 3067/4 a composite number?
True
Let i = 129 - 91. Let t(z) = 2*z - 15. Let k be t(10). Suppose 3*c + i = k*c. Is c a composite number?
False
Let m(i) = 5*i**2 - 5*i - 7. Is m(-6) a composite number?
True
Let p = -43 + 15. Let i = p + 47. Is i a composite number?
False
Let x be (1/(-3)*0)/(-2). Let o = x - -31. Is o composite?
False
Let p(f) = 7*f**2 - 10*f + 9. Let s(y) = -y**2 - 1. Let u(v) = p(v) + 6*s(v). Is u(11) a composite number?
True
Let q(a) = -3*a + 1 + 5*a**3 + 5*a**3 - 3*a**3 + a**3. Let g be 1/(-3*(-3)/18). Is q(g) composite?
False
Let c = 34 + -15. Suppose -8 = f - 2. Let i = f + c. Is i composite?
False
Suppose -19 - 361 = 5*a. Let g = 45 - a. Is g a prime number?
False
Let v(y) = -y**2 + 6*y + 4. Let a be v(6). Suppose -a*c - 3*t + 31 = 11, 5*t = -5*c + 25. Suppose -42 = c*u - 8*u. Is u prime?
False
Suppose 0 = 4*y + y - 2760. Suppose 3*i = f + 415, -4*i = -2*f - 0*f - y. Is i composite?
False
Suppose s = -s - 6. Is 3*(-2 - s) + 496 a prime number?
True
Suppose g - 14 - 11 = -5*p, -g = -5*p + 25. Suppose -4*u + 3*o - 10 = 0, o - 5 = -g*u + 3*u. Is (2/4)/(u/(-158)) composite?
False
Is 87/6 - 5/10 prime?
False
Let w = -112 - -161. Is w a prime number?
False
Let o(n) be the second derivative of n**5/20 - n**4/4 - n**3/3 - 5*n**2/2 - 6*n. Is o(4) a prime number?
True
Let h(y) = y**2 + 10*y - 15. Suppose 0 = -4*i - 4, 0 = -3*o + 5*i - 29 - 2. Is h(o) a composite number?
True
Is (-3372)/(-16) - (-5)/20 a composite number?
False
Suppose 3*q - 2025 = -4*w, 1017 = 2*w - 4*q + q. Let f = w + -256. Is f a composite number?
False
Let b(h) = 375*h + 1. Is b(2) a composite number?
False
Let l(z) be the second derivative of z**4/12 - z**3/3 - z**2 - z. Suppose 1 = -3*v + 13. Is l(v) a composite number?
True
Let t(q) = -q**2 - 3*q + 2. Let k be t(-4). Let w be 3/(-2) + (-267)/k. Let p = -21 + w. Is p a prime number?
False
Suppose -s = -532 - 1935. Is s prime?
True
Suppose 144*z = 140*z + 1816. Is z composite?
True
Let v be (-3296)/(-40) + (-4)/10. Let k(p) = 9*p + 7. Let u be k(-6). Let y = u + v. Is y prime?
False
Suppose 0 = -10*t - 2*t + 6684. Is t prime?
True
Let t be (35/(-28))/((-1)/4). Let s(m) = -m**3 + 4*m**2 + 6*m - 3. Is s(t) a composite number?
False
Let y = 166 + 333. Is y composite?
False
Let j be ((-2)/(-4))/((-3)/12). Let b be (j + 4)/((-1)/2). Is (-66)/(-4)*b/(-6) prime?
True
Suppose 0 = 4*n - 12 + 4. Suppose -p - 2*h + 115 + 360 = 0, -n*p = 5*h - 954. Is p a prime number?
True
Suppose -27 = 2*r + 81. Let y = r - -107. Is y composite?
False
Let x(j) = -4*j**2 + j - 2. Let m(f) = -f**2 - 1. Let g(h) = -5*m(h) + x(h). Let y be g(0). Is 1161/12 - y/(-12) a prime number?
True
Let o = -81 + 190. Is o a composite number?
False
Suppose -2*m + 113 = 3*h, -3*m + 4*h + 192 - 31 = 0. Is m prime?
False
Let c(a) = -16*a - 10. Suppose 3*n - 34 = 2*k, -2*n - k = -34 + 9. Let m be c(n). Let b = -107 - m. Is b composite?
True
Let k(y) = 917*y + 13. Is k(2) prime?
True
Let t be (-10)/(-4) + (-3)/6. Suppose -5*x + t = -8. Suppose -x*b = -5*c + 63, 5*c + 4*b - 39 = -0*c. Is c composite?
False
Let g(x) = 23*x**2 + 6*x - 13. Is g(4) a prime number?
True
Let g(j) = -187*j + 3. Is g(-4) a composite number?
False
Suppose -2*o - 5 = -4*f + 1, 4*o + 18 = 2*f. Let v(d) = -19*d - 6. Is v(o) composite?
False
Let q be (-58)/5 - 10/25. Let j(w) = -3*w - 15. Is j(q) a prime number?
False
Let v(l) = 4*l**2 - 6*l - 2. Let t be v(-5). Suppose -t = 3*g + g. Let b = g + 67. Is b a composite number?
True
Suppose 5*h - 4*h - 30 = 0. Let w be (24/h)/((-4)/10). Is (-1)/((w - 1)/165) a composite number?
True
Suppose -5*j + 31 + 4 = 0. Suppose -j*g = -3*g - 220. Is g a composite number?
True
Is (-8)/16 + 503/2 a prime number?
True
Let w be -75 + 12/3 + -4. Let l = 146 + w. Is l a composite number?
False
Is 1/((-975)/978 + 1) composite?
True
Suppose 4*y = -3*c + 34, 0*c + 3*c - 13 = -y. Suppose 3*t - y*t = 88. Let x = 59 + t. Is x a prime number?
True
Suppose 4*k = 12 + 36. Let a be 1 + 10*k + 1. Let b = a + -73. Is b composite?
True
Let q(j) = 17*j**2 + j - 3. Is q(2) a composite number?
False
Suppose -4*a + a = -6. Suppose -3*b = -a*b - 291. Is b a prime number?
False
Suppose -i = 4*i. Suppose 3*d - 5*d = i. Suppose -2*z + d*z + 26 = 0. Is z a composite number?
False
Let j = -41 + 72. Is j prime?
True
Let w(s) = s + 1. Let m be w(-1). Suppose m*b + b = 4. Suppose -b*l + j = 5*j - 136, 126 = 3*l - 5*j. Is l composite?
False
Let o be (-179)/(2/(-2)) - 0. Suppose -2*i + 13 - o = 0. Let b = i + 342. Is b a prime number?
False
Suppose 48*n = 52*n - 712. Is n composite?
True
Suppose 8*h - 10*h = -762. Is h a composite number?
True
Suppose -3*z = 2*o - 4679, o = -3*z + 5598 - 920. Is z composite?
False
Let h = 3182 + -1701. Is h prime?
True
Let o(d) = -11*d + 7. Suppose 4*z = -15 - 9. Let k be o(z). Suppose 5*j + 4*n - 58 = 0, 0 = 7*j - 2*j - n - k. Is j a composite number?
True
Suppose 3198 = 3*a + 945. Suppose 0 = 5*i - 134 - a. Is i a prime number?
False
Is 2/(-6) - (-29568)/36 a prime number?
True
Suppose -723 - 82 = -5*p. Is p composite?
True
Suppose -g - 1239 = -4*g. Is g a composite number?
True
Suppose 4*i = -141 - 231. Let d = i - -316. Is d prime?
True
Let r(q) = 4*q**2 - 2*q - 5. Is r(-4) a prime number?
True
Suppose 0 = 4*w - 27 + 219. Let m = w + 99. Suppose -4*f + 89 = -m. Is f composite?
True
Let g(w) = w + 4. Let l be g(5). Let v = l - 7. Suppose -v*y + 140 = -38. Is y a composite number?
False
Let y = 8 - -81. Is y composite?
False
Let o(b) = 139*b**3 + 4*b**2 - 2*b - 1. Is o(2) prime?
True
Suppose -4*k = k + 30. Let l be 705/k + 12/8. Let c = -81 - l. Is c a composite number?
True
Let p(a) = 27*a + 41. Is p(16) prime?
False
Let u = 1333 + 1540. Let x = -1966 + u. Is x composite?
False
Suppose -13 - 222 = -5*k. Is k a composite number?
False
Let t = -23 + 134. Is t composite?
True
Is 2 - 8 - -2 - (-1932 - 9) composite?
True
Let k = -712 - -395. Let a = -70 - k. Suppose 0 = -s + 2*b + 37 + 8, 0 = -5*s - b + a. Is s a prime number?
False
Is ((-6)/(-9))/((-2)/(-1191)) composite?
False
Suppose 3*u - 683 = -3*l - l, -5*u - 2*l = -1115. Is u a composite number?
True
Suppose 3*y - 1524 = 495. Is y composite?
False
Let b = -173 + 312. Is b prime?
True
Let q be -30*(14/(-6) - -2). Suppose -5*s + 88 = -q*s - v, 5*v = 10. Is (-1418)/s - 14/(-63) a composite number?
False
Suppose 2 = -3*h + 23. Is h prime?
True
Suppose 4*y + 12 = 0, -k - 3*y + 999 + 1475 = 0. Is k composite?
True
Let a(b) = b + 17. Let j be a(-14). Suppose 0 = j*p - 2*d - 52, 65 = 5*p - 0*d + d. Is p composite?
True
Let f = 88 - -325. Is f prime?
False
Suppose 2*n + 8 = -2*n, -h + 4*n = -6. Let m be (1165 + 2)*h/(-6). Suppose -2*w - m = -3*s, w - 627 = -5*s - w. Is s prime?
True
Is (-407 + -5)*28/(-16) prime?
False
Suppose -5*j = -v - 5, 10*v - 5*v + 5*j = -25. Let g = v + 9. Suppose 3*i - 259 = -2*i - q, 5*q = g*i - 184. Is i a prime number?
False
Suppose 4*d + 4044 + 2828 = 0. Is 4/6 + d/(-6) prime?
False
Let o(s) = 6*s - 3. Let k be o(9). Let x = k + -4. Is x prime?
True
Let q(h) = -41*h - 1. Is q(-4) a prime number?
True
Let s(k) = k**2 - k + 2. Suppose 2*o = -5 - 3. Let x be s(o). Is (-5)/(-15)*(-1 + x) a composite number?
False
Suppose 3*p - 76 = w, -3*p - w = 2*p - 140. Suppose r - p = 64. Is r a composite number?
True
Let x(m) be the third derivative of 49*m**5/120 - m**4/24 + 2*m**3/3 - 2*m**2. Let l(p) be the first derivative of x(p). Is l(2) prime?
True
Let p = 1685 + -972. Is p composite?
True
Let l(g) be the second derivative of 14*g**3/3 - 11*g**2/2 - 7*g. Let u(j) = j**3 + j**2 + j + 6. Let n be u(0). Is l(n) composite?
False
Let n = -3 - -5. Suppose n*c - 36 = -0*c. Suppose -s = -c - 17. Is s a prime number?
False
Let t(q) = q - 2. Let o be t(4). Let k be (4 - (3 - o))*-15. Let c = 34 - k. Is c a prime number?
True
Let i be (-16)/9 - 2/9. Let q be (66/15)/(i/(-10)). Suppose -3*a - q = -367. Is a a composite number?
True
Suppose -4*j = -8, -2*y + 2*j = -0*y - 14994. Is y prime?
True
Suppose 3 = 4*v - 17. Suppose -704 = v*g - 1899. Is g composite?
False
Let d be 0 - (2 + -8)/3. Suppose 5*y - 226 = 4*v, 3*y - d*y - 41 = 5*v. Is y composite?
True
Suppose -4*